089. What are the prime factors of z?
67, 127
Let a = -9067 + 21722. What are the prime factors of a?
5, 2531
Let n = -4115 - -4823. What are the prime factors of n?
2, 3, 59
List the prime factors of 8824 + (-21 - (-14133)/567 - (-4)/54).
2, 2207
List the prime factors of ((54762/20)/(27/(-15)))/((-2)/12).
9127
Let j be (-958)/(-26) + (-4)/(-26). Suppose 2*v + 29 = j. Suppose 3*s + 218 = v*g, g = -3*s + 6*s + 59. List the prime factors of g.
53
Suppose 9*r - 75 = -219. List the prime factors of 3/(-6) + (-15976)/r.
2, 499
Suppose 0 = -8*h + 4*h + 3*i + 2929, -4*h + 2932 = -4*i. Suppose 2*d - h = 268. What are the prime factors of d?
499
Let p = 16230 - -19686. What are the prime factors of p?
2, 3, 41, 73
Let h(b) = 26*b - 115. Let k(m) = 9*m - 38. Let u(o) = -4*h(o) + 11*k(o). Let v be u(8). Suppose v*q - 61 = 13. List the prime factors of q.
37
Let q = 140300 + -82783. List the prime factors of q.
113, 509
Suppose 2*w = -2*u + 30, 0*u - 4*w = 2*u - 30. Suppose 0 = a + 13 - u. Suppose 5*o + 5*m = 175, 4*m + 126 = 5*o - a*o. What are the prime factors of o?
2, 19
Suppose -211*v + 372*v = 1281560. List the prime factors of v.
2, 5, 199
Let f = -240 + 831. Let z = f - 367. List the prime factors of z.
2, 7
Let n(t) = 2*t + 12. Let u be n(19). Let m = u + -39. Suppose -m*v = -7*v - 232. List the prime factors of v.
2, 29
What are the prime factors of (129759 + -3)*(-1 + (-9)/(-6))?
2, 3, 11, 983
Let m be 1/(-8) - (1/(-8) - 5). Let w(l) = 8*l - 44. Let z be w(m). What are the prime factors of (2 + z)/((-11)/132)?
2, 3
Let o be 2/14 - 3510/70. Let j = -45 - o. Suppose 7*a = j*a + 90. List the prime factors of a.
3, 5
Suppose 3*s + 0*u - u = 530, 5*s - 878 = -u. Let a be (0 + (-3)/4)/((-131)/5764). List the prime factors of -2 + (-4)/(-6) + s/a.
2
Let m(a) = a**3 + 23*a**2 + 45*a + 7. Let r be m(-21). What are the prime factors of ((-24)/42)/(8/r)?
2
Suppose 4*p - 5*l + 14 = -0, -4*p - 8 = -2*l. What are the prime factors of 5/p + 4 + (0 - -992)?
991
Let t be (-4762)/(-8) + (6 - (-75)/(-12)). Suppose b + m - t = 0, -5*b - m + 671 = -2300. List the prime factors of b.
2, 3, 11
Let d(j) = 438*j + 2837. What are the prime factors of d(23)?
12911
What are the prime factors of 5/(50/178536) + (-588)/980?
3, 11, 541
Let f(w) = 6*w - 4. Let j(b) = 7*b - 5. Let u(d) = -3*f(d) + 2*j(d). Let o be u(-7). What are the prime factors of 4 + o/(-8) - 494/(-8)?
2, 31
Let h(j) = 1192*j - 32. Let q be h(1). Suppose -3*k + f + q = 0, 3*k - 6*f + 2*f - 1175 = 0. List the prime factors of k.
5, 7, 11
Let r(p) = -133*p**3 - 9*p**2 - 86*p - 88. What are the prime factors of r(-5)?
2, 11, 761
Suppose -5 + 11 = 2*x. List the prime factors of (-3 - x) + 5 - -730.
3
Suppose -105944 = 147*y - 59*y - 407256. What are the prime factors of y?
2, 107
Suppose 0 = -p + 1, 0 = -2*j - 3*p + 7. Suppose -9*a + 70 = -j*a. Suppose 12*n - a*n = 100. What are the prime factors of n?
2, 5
Let u be 4/(-8)*2*-33. Suppose 27 + u = 4*d. Suppose 0 = n - 2*a - 6 - d, -n + 3*a + 17 = 0. List the prime factors of n.
29
Let k(x) = 1538*x + 721. List the prime factors of k(5).
13, 647
Let l be 148/(-28) + -4 + 30/7. Let j be 0/(l + 6 + -4). Suppose j = -2*x + 351 + 45. List the prime factors of x.
2, 3, 11
Let f be (((-7725)/(-2))/(-5))/(4/(-40)). Suppose f = 25*z + 25. What are the prime factors of z?
2, 7, 11
Let h(r) = -r**3 - 2*r**2 - 2*r - 4. Let v be h(-2). Suppose v = 3*z - 787 - 125. List the prime factors of z.
2, 19
Let s(j) = 14*j + 95. Let b be s(-6). Suppose -b*x = -3803 - 5591. List the prime factors of x.
2, 7, 61
Suppose 4 = 2*t - 3*t - 5*a, 4 = -t - 4*a. What are the prime factors of 2/t - (-7903)/14?
2, 3, 47
Let v = -97 + 322. What are the prime factors of v - (1 - -2 - (-1 - -6))?
227
Suppose 2*v + 3*v - 50 = 0. Let c be ((-1484)/63)/((-2)/9). Suppose z = c - v. List the prime factors of z.
2, 3
Suppose -m + 3*w = 1798, -5*w = -4*m - 6238 - 975. Let n = -1248 - m. List the prime factors of n.
13, 43
Let m(n) = 248 + 40*n - 495 + 263. What are the prime factors of m(5)?
2, 3
Let t be (-1)/(-6) - (-12810)/36 - -2. Let h = -141 + t. What are the prime factors of h?
7, 31
Suppose -290*c + 448*c - 222*c + 2965120 = 0. What are the prime factors of c?
2, 5, 41, 113
Let n = 0 - -7. Suppose -4*r - n*q + 8*q = -160, 0 = q. List the prime factors of r.
2, 5
Let y(x) = -950*x**3 - 7*x**2 + 6*x. What are the prime factors of y(-2)?
2, 3, 5, 7
Suppose 11*o + 1585 = 6*o. Let s = 577 + o. Suppose -4*r = 0, 5*u - s - 80 = 2*r. List the prime factors of u.
2, 17
What are the prime factors of -4 - -5741*-1*3/6*-2?
5737
Suppose 0 = -5*l - 63 - 27. What are the prime factors of 767 - (0 + 0)/(16 + l)?
13, 59
Let g(t) = 37*t + 89 - 6*t**2 - t**2 + 6*t**2. List the prime factors of g(28).
11, 31
Suppose 4*n - 5*m - 36366 = 0, 18*m + 9108 = n + 14*m. List the prime factors of n.
2, 3, 757
Suppose -44*l - 13*l + 1732971 = 0. List the prime factors of l.
30403
Suppose -302*f + 308*f = 32376. List the prime factors of f.
2, 19, 71
Suppose -90*n + 804321 = 258741. List the prime factors of n.
2, 7, 433
Let q = -48 + 128. Let t = -41 + q. What are the prime factors of t?
3, 13
What are the prime factors of (6 + (-91)/14)/(4 - (-4745)/(-1186))?
593
Let x(p) = 119*p**2 - 34*p + 47. List the prime factors of x(9).
2, 5, 7, 67
Let i = 919 - -1579. List the prime factors of i.
2, 1249
Let x be (-2)/(-6) - (-15)/9. Suppose -z - 1607 + 570 = -x*a, -2*z = -10. What are the prime factors of a?
521
Let j be (1 - 3)*(-10 + 48/6). Suppose 7*n - 253 = -j*i + 6*n, -3*i = -5*n - 207. What are the prime factors of i?
2
Let z = 2639 + 2312. What are the prime factors of z?
4951
Let x = -672 - -1169. List the prime factors of x.
7, 71
Let y(v) = 2704*v - 375. What are the prime factors of y(1)?
17, 137
Let q be -15*(-4)/12 - (1 - -11). Let n(l) = 10*l**2 - 24*l - 164. What are the prime factors of n(q)?
2, 13, 19
Let v(u) = u**3 + 59*u**2 - 78*u + 109. List the prime factors of v(-58).
11, 727
Suppose 14 = -2*a - 2*u, -24*a - u = -26*a - 14. List the prime factors of -971*(10 + a)/(-3).
971
Let u(n) = n**3 - 9*n**2 + 5*n + 21. Let i be u(8). What are the prime factors of (-4405)/i - (-95)/(-285)?
2, 367
Let j(g) = -20 + 1715*g**2 - 13 - 13*g - 1707*g**2. List the prime factors of j(-7).
2, 3, 5
List the prime factors of ((-13)/(-3))/((-525734)/37554 - -14).
13, 569
Let t be ((-69)/6*2)/((-7)/(-14)). Let w = t - -62. What are the prime factors of (168/(-112))/(1 + (-22)/w)?
2
Let q = -183 + -556. Let d = q - -1428. List the prime factors of d.
13, 53
Let h(d) = -d**2 - 23*d - 5. Suppose -2*k + 2 + 6 = 0, 0 = 5*b + 5*k + 345. Let g = 51 + b. List the prime factors of h(g).
17
Suppose 352 = 5*o + q, -3*o + 43 = 4*q - 141. Let a = -8 + 84. Let k = a - o. List the prime factors of k.
2
Suppose 0 = -5*d - j + 86, 2*d - j = -0*j + 40. Suppose -6*z = -3*z - 12. List the prime factors of 1*z + -7 + d.
3, 5
Let w(g) = 2252*g - 281. What are the prime factors of w(3)?
5, 7, 37
Suppose -5*l - 2*y = -1860, -4*y = 4*l - 1461 - 27. What are the prime factors of l?
2, 3, 31
Let i be (-12)/(-5) + 18/(-45). Suppose 3*m - i*x - 380 = -2*m, m - 76 = -2*x. Let y = m - 54. List the prime factors of y.
2, 11
Let m = -1913 + 2950. Let w = -173 + m. List the prime factors of w.
2, 3
Let f(x) = 306*x + 2669. What are the prime factors of f(13)?
17, 23
Let u(d) be the third derivative of d**6/30 - d**4/6 - d**3/2 + d**2. Let n be u(-1). What are the prime factors of (-194)/n - (-19)/57?
5, 13
Let l = -19163 - -46636. What are the prime factors of l?
83, 331
Let p be -2 + (-14)/(-2) - 2. Suppose 8*x - p = 13. What are the prime factors of x?
2
Let x be 62 - (24/(-16))/(2/4). Let a = x - 93. Let l = -8 - a. What are the prime factors of l?
2, 5
Let u(s) = 8*s - 10. Let n be u(-12). Let d = n - -158. List the prime factors of ((-12)/(-24))/(2/d).
13
Let i = -1420 - 53. Let m = i + 2077. List the prime factors of m.
2, 151
What are the prime factors of (-1)/((-15)/195) + 13337?
2, 3, 5, 89
List the prime factors of (-3*4/36)/(39/(-5101902)).
2, 21803
Suppose 335 - 75 = -13*p. Let y(x) = x + 4*x**2 - 24 - 3*x**2 + 11*x. List the prime factors of y(p).
2, 17
Let i(z) = -z**3 - z + 4. Let n be i(5). Let l = 148 + n. What are the prime factors of l?
2, 11